st derivative of h(m). Let i = 1 - 0. Calculate o(i).
4
Let z(a) = 2*a - 1. Let j be (3 + 0/(-4))*1. Suppose -h + 4 = -j*h. Calculate z(h).
-5
Let l(m) = m + 8*m - 10*m - 7 - 1 + m**2 + 13*m. Give l(-9).
-35
Let c(d) = -3*d - 4. Let j = 65 + -62. What is c(j)?
-13
Let c = -3 + 6. Let g = c + -7. Let x(f) = -5*f - 5*f**2 + f**3 - 4*f**3 - 7*f**3 + 9*f**3 + 1. Determine x(g).
5
Let k(h) = 376*h - 1 - 177*h - 189*h. Suppose 18*f + 4 = 22*f. What is k(f)?
9
Let n(u) = u**3 - 4*u**2 + 5*u - 1. Let s(q) = 2*q. Let m(y) = -n(y) + 2*s(y). Give m(4).
-3
Let d(s) = -s**3 - 8*s**2 - s - 10. Suppose -2*b - 13 = v, -b - 14*v - 17 = -17*v. Determine d(b).
-2
Let r(s) = s + 2. Let a(j) = -3*j - 5. Let q(y) = -4*a(y) - 9*r(y). Suppose -4*g - 6*o + 5*o = -17, 3*o = 4*g - 13. Determine q(g).
14
Let k(z) = 2*z**2 - z - 3. Let h(t) = -1. Let v(q) = -2*h(q) - k(q). Let n(d) = -3*d**2 + d + 6. Let y(c) = -3*n(c) + 4*v(c). Give y(-2).
4
Let h be ((-11)/1)/((-2)/2). Suppose 2*j - 4*d = -16, -2*d = -j - 3*d - h. Let s(t) = -t**3 - 11*t**2 - 8*t + 10. What is s(j)?
-10
Let a(y) = -y**2 - 8*y + 6. Let d(f) = f**2 + 9*f - 6. Let i(k) = 2*a(k) + 3*d(k). Let s be i(-11). Let x(n) = -n + 1. Calculate x(s).
7
Let k(j) = 17*j**2 - j. Let p = 155 + -154. What is k(p)?
16
Let l(v) = v**2 - 4*v + 2. Let y be l(5). Suppose -3*h = -5*s + 18, 12 = 5*s + y*h - 4*h. Let t(r) = -1 + 8*r - 4*r**2 - 9*r + 3*r + s*r**2. Determine t(2).
-1
Let q(f) = 3*f - 5. Suppose -4*y = 5*i - 52, 5*i - y - 54 = -4*y. Suppose -s - i = -20. Let x be 39/12 - (-6)/s. What is q(x)?
7
Let c(v) = -v**3 - 12*v**2 - 11*v. Suppose 5*t = -115 + 60. Give c(t).
0
Let g(j) = 19*j**3 - 33*j**2 - 33*j - 28. Let p(c) = -7*c**3 + 11*c**2 + 11*c + 9. Let s(w) = 4*g(w) + 11*p(w). Determine s(-10).
-3
Let x be -12*4/(-48) + -9. Let u(h) = h + 23. Calculate u(x).
15
Let y(r) = -r**3 + 11*r**2 - r + 8. Let n be (-1276)/(-110) + (-9)/15. Give y(n).
-3
Let d(o) = o**3 - 2*o + 6. Let s be d(0). Let i(y) = -17 + 2*y - y**3 + 7 - 15*y**2 - 10*y + s*y**2. Give i(-8).
-10
Let x(r) be the third derivative of r**5/120 + 7*r**4/24 - r**3 + r**2. Let c(k) be the first derivative of x(k). Let s be (0/(-9))/(2*1). Determine c(s).
7
Let c be 15/(-40) - 38/(-16). Let g(h) be the second derivative of 4*h - 1/3*h**3 + 0 + h**c. What is g(-4)?
10
Let t(d) = -4*d**2 - 3. Let i = 562 + -563. Give t(i).
-7
Suppose -5*s - 9 = -19. Let t(v) = -1 + 7*v**2 + 1 - 8*v**s - 1. Let n(q) = -q - 1. Let o(h) = 3*n(h) + t(h). What is o(-5)?
-14
Let u(l) = -l**3 + 6*l**2 + l - 7. Let b be -3*77/(-21) + -5. Calculate u(b).
-1
Let o(k) be the first derivative of -k**6/40 - k**5/120 + k**3/3 + 2. Let m(j) be the third derivative of o(j). Let u be (-21)/15 - 46/(-115). Give m(u).
-8
Suppose w - 4 = -i, -2*i + 9*w = 8*w - 5. Let x(j) be the third derivative of j**5/60 + j**3/2 + j**2. What is x(i)?
12
Let p(b) be the first derivative of 2*b**2 - b + 70. Determine p(7).
27
Let k = 39 - 41. Let q be k/4*(-18 - -8). Let j(l) = l**3 - 5*l**2 - 3*l + 1. What is j(q)?
-14
Let r(n) = 3*n + 1. Let t(c) = 4*c**2 + 1. Let y be t(-1). Suppose -y*b - 4*o - 15 = -2*b, -5*b + 3*o - 25 = 0. Determine r(b).
-14
Suppose 0*w - 16 = -4*w. Suppose 3*d + 0*d = c + w, c + 4 = 2*d. Let p(g) = -g - 3. Give p(c).
1
Let t(v) = -v**3 - 3*v**2 - 4*v - 3. Let g(x) = -x - 1. Let u be g(-2). Suppose -5*f + f - 20 = 0, -f + 10 = 5*s. Let p = u - s. Give t(p).
1
Let s(n) = -n - 12. Suppose 0 = -14*p + 27*p + 182. Give s(p).
2
Let u(s) = -5*s - 4 - 10*s**2 + 0*s**2 + 11*s**2 - 6. Calculate u(7).
4
Let k(u) = -3188*u - 5 + 1591*u + 1596*u. What is k(0)?
-5
Suppose 5*v + k = 20, -2*k + 1 - 26 = -3*v. Let u be -1 + 9 + (-8)/4. Let f(p) = -4*p - 2. Let n(l) = 5*l + 2. Let t(s) = u*f(s) + 5*n(s). Give t(v).
3
Let c = -9 + 3. Let q be ((-95)/(-10) - 2) + (-3)/2. Let i = q + c. Let m(u) = u**3 - u + 6. Determine m(i).
6
Let j = -5 - 0. Let u(o) be the first derivative of -o**2/2 - o - 3. Let g(n) = 6*n + 7. Let r(v) = -2*g(v) - 14*u(v). Give r(j).
-10
Let w(b) = 7*b + 6. Let k = 346 + -349. Calculate w(k).
-15
Let t = -5 - -10. Let j(f) = -2 + 2*f - t*f + 8 + f. Let k(c) = c - 2. Let w be k(7). Give j(w).
-4
Let v(t) = t + 3. Let i = 20 + -2. Suppose -20*z + i*z = 0. Determine v(z).
3
Suppose 4*z = -z + 15. Let n(y) = 1 + z*y - y - 3*y + 6. Suppose -3*l + 5 = -16. Calculate n(l).
0
Let s(z) = 27*z + 490. Let q be s(-18). Let h(d) = d**3 - 5*d**2 + 3*d + 2. Calculate h(q).
-2
Let i(l) be the second derivative of -l**4/12 - 5*l**3/6 + 5*l**2/2 - 488*l. What is i(7)?
-79
Let a(g) be the first derivative of g**4/6 + 2*g**3/3 + g**2/2 - 41*g + 22. Let c(z) be the first derivative of a(z). Give c(-3).
7
Suppose 0 = t + 2*i + 9, -5*t - 3*i + 11 = 28. Let z(d) = 14*d**2 + 6*d + 11. Let k(b) = -9*b**2 - 4*b - 7. Let c(f) = -8*k(f) - 5*z(f). What is c(t)?
1
Let r(v) = 40*v - 38. Let b(x) = 113*x - 113. Let g(d) = -6*b(d) + 17*r(d). What is g(-17)?
-2
Let r be (1/3)/(1/(-12)). Let s(d) = 3*d + 5. Determine s(r).
-7
Let s(v) = -2*v**2 + 3*v + 6. Let b = -1611 - -1608. What is s(b)?
-21
Let i be (3 - (-130)/(-45)) + 354/(-27). Let q(p) = p + 13. Determine q(i).
0
Let r(o) = -o**2 + 2*o. Let k = 97 + -95. Give r(k).
0
Let f(y) = 2*y**3 + 2*y**2 - 1. Let d = -228 - -227. What is f(d)?
-1
Let b(v) = v**2 - 13*v + 6. Suppose -28*y = 8 - 372. What is b(y)?
6
Let g be (1/(-3))/(7/21). Let v be g/1*(-12)/(-3). Let b(k) = -k**3 - 4*k**2 + k + 2. Determine b(v).
-2
Suppose 0 = -4*u + 6 + 2. Suppose 3*s + 2*r + 0 = 21, -7 = -2*s + r. Suppose -7*a + 20 = -2*a - s*p, 23 = 5*a - u*p. Let f(j) = -j**2 + 6*j + 1. What is f(a)?
6
Let h(f) = -721*f**2 + 11*f**3 + 356*f**2 + 364*f**2. Calculate h(1).
10
Let b(g) = g**3 + 4*g**2 + 2*g + 2. Let d be b(-3). Let a(v) be the first derivative of 3/2*v**2 - 7*v + 9. What is a(d)?
8
Let s = 638 + -651. Let b(i) = -5 - 13*i + i**3 + 3 + 12*i**2 + 2 - 4. Give b(s).
-4
Let o(l) = -l**2 - 3 - 1 + l**3 + 1 - l**2. Let g(v) = -2*v**3 + v**2 + v + 2. Let x be (-36)/14 - (3/7 + 0). Let p(n) = x*o(n) - 2*g(n). Give p(-5).
-10
Let b(h) be the second derivative of -h**5/20 - 5*h**4/12 + 4*h**3/3 + 9*h**2/2 - 2*h. Suppose 0*r - r + 5*m + 4 = 0, 0 = -m - 2. What is b(r)?
-3
Let g(z) = z**2 - 8*z + 3. Let m(y) = -y**2 - 10*y - 1. Let t be m(-4). Suppose -4*d = -9 - t. Give g(d).
3
Let l(v) = -v**3 + 6*v**2 - 7*v + 4. Suppose -4*m - 6*j + 11*j = 181, 4*j + 172 = -4*m. Let k = 49 + m. What is l(k)?
-6
Let y(w) = w**2 + 10*w - 1. Let x be 4/(-6)*-3*-1*5. Calculate y(x).
-1
Suppose 56*t - 48*t = 0. Let d(o) = o**2 + o + 9. Calculate d(t).
9
Let h(n) = n**3 + 6*n**2 - n + 1. Suppose 0 = c - 4*l - 4, 4*c - 28 = -0*c + 4*l. Let d = 13 - c. Suppose -3*y = -m + 8 + 9, -2*y = d*m + 17. What is h(y)?
7
Let t(k) = -2*k + 5. Let d(v) = -v + 6. Let i(j) = 6*d(j) - 7*t(j). Let a(o) = 3*o**2 + 5 - 2*o**2 - 7*o + o**2 - o**2. Let n be a(6). Calculate i(n).
-7
Let v(j) = j**2 + 8*j - 1. Suppose -45*b - 76 = -47*b. Suppose 32*s = b*s + 42. Give v(s).
-8
Let l(f) = -28 + 17*f - f**2 + 8*f - 7*f + 2*f**2. Give l(-19).
-9
Let c(p) = p**3 - 2*p**2 - 3*p + 2. Let t(b) = 1. Let z(q) = q + 5. Let h(n) = 4*t(n) - z(n). Let w be h(-4). Determine c(w).
2
Let o(z) = z**2 + 1870*z + 1868*z - 3729*z + 14. What is o(-7)?
0
Let d(z) = -4*z + 7*z - 2 - 4*z + 3*z. Give d(-2).
-6
Let x(y) be the first derivative of -y**3/3 + 2*y**2 + 11*y + 45. Let k(d) be the first derivative of x(d). Let p(q) = q**3 + 5. Let u be p(0). Determine k(u).
-6
Suppose -2*n + 4 = -3*u + 1, -4*u = 4. Let z(v) be the third derivative of -3*v**2 - 1/2*v**3 + 5/24*v**4 + 1/60*v**5 + n + 0*v. Determine z(-4).
-7
Let a(n) = -n**3 + n**2 + n - 1. Let x = -342 - -342. What is a(x)?
-1
Let k(d) = 0*d - 2*d + 120 - 126. What is k(-4)?
2
Let o be 2/16 - 1837/(-88). Let s(g) = -4*g - 5. Let t be s(4). Let j be (-81)/o - (-3)/t. Let y(a) = a**3 + 5*a**2 + 4*a + 1. Determine y(j).
1
Let n(v) be the third derivative of v**4/24 - v**3/6 - v**2. Let t = 3301 + -3300. What is n(t)?
0
Let i be 6/(-9)*18/(-2). Let y = 55 + -34. Let m(g) = y*g**2 + 2 + 5 - g - 15*g**2 - g**3. Give m(i).
1
Let a = 65 - 60. Let c(w) be the second derivative of w**4/12 - w**3 + 3*w**2 + 13*w. Determine c(a).
1
Let r(d) be the second derivative of -d**4/12 + 7*d**3/3 - 6*d**2 - 7*d - 12. What is r(